- 161. What is the hundreds digit of x?
6
Let y = -283 + 463. Suppose -t + 95 = t + 5*l, -5*t = l - y. What is the tens digit of t?
3
Let h be (-2)/((-72)/37 - -2). Let f = 349 + -259. Let m = h + f. What is the units digit of m?
3
Let v(u) be the first derivative of u**2 - 10*u + 1. Let m be v(7). Suppose -4*i - 5*a = -23, m*i + a - 2*a - 5 = 0. What is the units digit of i?
2
Let s = -1425 - -3500. What is the units digit of s?
5
What is the units digit of (4/(-36) - (-23990)/45) + -3?
0
Let w(i) = i**3 + 10*i**2 + 12*i + 3. Let t = 13 - 21. Let k be w(t). Let r = k + -24. What is the tens digit of r?
1
Let p = 1689 + -1205. What is the hundreds digit of p?
4
Let x = -28 - -29. Let m(n) = -n**2 + 3*n - 2. Let s be m(x). Suppose s = -5*l + 3*g + 222, -6*l - 3*g = -4*l - 93. What is the units digit of l?
5
Suppose -5*t + 3*j = -47, -6*t = -5*t + 5*j + 13. Let o = -1 + 1. Suppose -n - t + 8 = o. What is the units digit of n?
1
Let r be (-1)/(-5) + (-718)/(-10). Suppose 5*a - 7 = -r. Let n = -6 - a. What is the units digit of n?
7
Let f be (0 - 4)*(0 - 1). Suppose -5*p - 4*i = 137 + 175, f*p - 3*i = -262. Let r = -23 - p. What is the units digit of r?
1
Let j = 17 - 15. Suppose -4*r + 1 = b, -5*b - j*r + 5 = -3*r. What is the units digit of b?
1
Let z(l) = 10*l**2 + 13*l + 11. Suppose -10 = 3*a + t, 2*t + 12 + 3 = -5*a. What is the tens digit of z(a)?
9
Suppose -4*d = 3*v - 1867, -3*d - 5*v = d - 1869. What is the tens digit of d?
6
Let a = 19 - -10. Let m = a - 6. What is the tens digit of m?
2
Suppose -354*f + 8424 = -341*f. What is the hundreds digit of f?
6
Suppose 11*f - 6 = 8*f. Suppose -f*d - 24 + 88 = 0. What is the units digit of d?
2
Let p = 843 - 455. Suppose -4*d - 80 + p = 0. What is the units digit of d?
7
Let v(k) be the second derivative of -7*k**3/2 + 15*k**2/2 + 24*k. What is the units digit of v(-7)?
2
Suppose 4*q - 3316 = -4*i - 560, 0 = 3*q + 5*i - 2067. What is the tens digit of q?
8
Let p(l) = l**3 - 3*l**2 + 11*l + 3. Let n be p(5). What is the tens digit of ((-274)/(-6) + -1)/(24/n)?
0
Let c(m) = 2*m**2 + 6*m - 8. Let b = 13 - 8. Let g be c(b). Suppose 0 = 4*y - g - 80. What is the units digit of y?
8
Let p(d) = -1 + 0*d - d + 3*d + 5. Let f be p(-7). What is the units digit of (-244)/f - (-2)/(-5)?
4
Let t(o) = o + 12. Let c be t(-12). Suppose 4*f - 432 = -c*f. Let q = 158 - f. What is the tens digit of q?
5
Let m(p) = 375*p + 1362. What is the units digit of m(5)?
7
Suppose 257*q - 217*q - 150680 = 0. What is the tens digit of q?
6
Let l(o) = -2*o**3 + o + 2. Let v be l(-1). What is the units digit of (v + 5)/4 - -67?
9
Let p = 920 + -265. What is the units digit of p?
5
Let a = 44 - 41. What is the units digit of (4 - -1)*a/(-5)*-2?
6
Let c(q) be the third derivative of -q**6/120 + 3*q**5/20 + q**4/6 - 5*q**3/3 + 2*q**2. Let u be c(7). Suppose 5*h - 14 = u. What is the tens digit of h?
2
Suppose 3*v - 4*v - 3*x - 7 = 0, 0 = -v + 3*x + 17. What is the units digit of v?
5
Let f be (0 - -1) + -1*10. Let b(h) = h + 12. Let c be b(f). Suppose 54 = 3*s - c*u, 3*u + 3 = -0. What is the tens digit of s?
1
Let c(l) = 5*l**2 + 32*l - 7. What is the tens digit of c(-14)?
2
Let d be -147*3*(-3)/27. Suppose 0 = -x - 3*v + d, 10 + 82 = 3*x - 2*v. What is the tens digit of x?
3
Suppose -1168 - 72901 = -17*l. What is the tens digit of l?
5
Let j = -4830 + 9024. What is the hundreds digit of j?
1
Suppose 3*t - 2*c + 37 = -c, -t + 5*c - 3 = 0. Let j = 23 + t. What is the units digit of (-2376)/(-55) + (-2)/j?
3
Suppose 0 = -4*b - 1 + 17. Suppose 0 = 5*t + 4*n - 0*n - 29, -b*n + 4 = 0. Suppose h - t*h + 56 = 0. What is the units digit of h?
4
Suppose -6*p + 807 = -9597. What is the tens digit of p?
3
Let g be 0 - -1*(-3 + 5). Let i(u) be the second derivative of 4*u**3/3 - 8*u. What is the tens digit of i(g)?
1
Suppose 5*j - 17 - 107 = v, 0 = -3*j + 4*v + 71. Let z be (-18)/(-12)*20/6. What is the units digit of j + z*8/20?
7
Suppose -2 = 3*v - x - 1, 3*x - 3 = -4*v. Suppose v = -0*p - 3*p + 24. Suppose p*l - 7*l = 36. What is the tens digit of l?
3
Suppose 750 = 4*w - 2886. What is the units digit of w?
9
Let c = -44 - -38. What is the units digit of (69/c)/(2/(-4))?
3
Let g = 14 - 25. Let s(a) = -5 + 1 + 3 - 2*a + 0. What is the units digit of s(g)?
1
Let v(m) = 12*m**2 + 7*m + 38. What is the tens digit of v(5)?
7
Suppose 0 = -4*f - 0*f + 16. Suppose 5*z - 26 = -2*s, 0 = -4*z + f*s + 1 + 3. Suppose -3 = 5*n - 4*n + z*d, 43 = 3*n - d. What is the tens digit of n?
1
Let u(f) = -f**2 - 8*f + 38. Let a be u(-11). Suppose 435 = 3*h - a*n, 4*h - 492 - 88 = 3*n. What is the tens digit of h?
4
What is the units digit of 121182/285 + (-8)/(-10)?
6
Let x = 53 + 17. Let y = x - -30. What is the tens digit of y?
0
Suppose 3*d = 4*d - 33. Suppose -2*i + d = -75. Suppose 3*m + 3*r - i = -0*r, 2*m = -4*r + 26. What is the tens digit of m?
2
Suppose -2*d + 48 = -4*k - 0*k, -36 = 4*k + d. What is the units digit of 1 - (-15)/k*-10?
6
Suppose 91*u = 93*u - 936. What is the units digit of u?
8
Let w = -40 - -28. Suppose 4*s - 67 = 41. Let y = s + w. What is the units digit of y?
5
Let g(p) = 4*p**2 + 4*p - 14. Let o = 31 - 38. What is the tens digit of g(o)?
5
What is the units digit of (-4)/(-2) + (2136/12 - -12)?
2
Let t(b) = 175*b**2 + 1. What is the hundreds digit of t(1)?
1
Suppose -214 = 40*r - 7814. What is the hundreds digit of r?
1
Let c = -6 + 11. Suppose -3*f = -c*f + 10. Let j(g) = 6*g + 4. What is the tens digit of j(f)?
3
Suppose -7245 = 254*a - 259*a. What is the units digit of a?
9
Suppose 0*o = -4*i + 3*o + 16, 18 = 2*i - 4*o. What is the units digit of (i + 2)/(48/448)?
8
Let h(o) = 53*o**2 - 41*o - 158. What is the units digit of h(-4)?
4
Let i(p) = -p**3 - 10*p**2 + 12*p - 5. Let j be i(-13). Let l = -232 + j. What is the hundreds digit of l?
1
Let y(x) = -x**2 + 3*x - 5. Let k be y(4). Suppose -m = -3*g + 14, -5*m - 2*g - 2*g - 13 = 0. Let f = m - k. What is the units digit of f?
4
Let s = 613 - -981. What is the units digit of s?
4
Let k = -801 + 2156. What is the hundreds digit of k?
3
Let i = 70 - 54. What is the tens digit of i/(-9) - -2 - 214/(-9)?
2
Suppose -9*b = -7*b - 936. What is the units digit of b?
8
Let i = 18 - -6. Let q = 83 - i. What is the tens digit of q?
5
Suppose 3*y + 3 = -9, 2*y - 6 = -d. Suppose 170 = 4*v + v. Suppose -u = 2*k - d - 10, 4*u = 2*k - v. What is the units digit of k?
3
What is the units digit of 757*-4*(-6)/12?
4
Suppose -3*g + 4*g + 2*a = 18, -5*g + 130 = 2*a. Suppose w - 3*m - 1482 = 0, 4*m = w + 853 - 2337. What is the units digit of 4/14 + w/g?
3
Suppose -4*c - 10 = -2*c. Let j(z) = -z**2 - z - 1. Let m(t) = 4*t**2 + 7*t. Let n(p) = c*j(p) - m(p). What is the units digit of n(5)?
0
Suppose q - 16 - 4 = 0. Suppose -q = -o - 4*o. Suppose o*s + 8 = 5*s. What is the units digit of s?
8
Suppose 372 + 220 = 2*x. Suppose -v = -4*u - 74, 4*v - 2*u = 2*u + x. What is the tens digit of v?
7
Let s = 907 + -605. What is the tens digit of s?
0
Let h = 0 - -8. Let q = -5 + h. Suppose 0 = q*d + 2*d - 30. What is the units digit of d?
6
Let b be -1 + (-14)/(-2) - 30/10. Suppose -b*u + 304 = -v, -u - 3*v = u - 188. What is the hundreds digit of u?
1
Let w(g) = -g**3 + 23*g**2 - 13*g + 44. What is the tens digit of w(22)?
4
Suppose 0 = -9*p + 1364 + 1309. What is the units digit of p?
7
Suppose -f = -y + 2, -3*y - y + 26 = 2*f. Suppose -5*m + 155 = y*g, 5*m - 179 = 6*g - 3*g. What is the units digit of m?
4
Suppose 2*x - m = -2*m + 352, 880 = 5*x + 5*m. What is the tens digit of x?
7
Let a = -771 + 1637. What is the hundreds digit of a?
8
Let k(v) = -4*v**2 - 7*v - 10. Let c be k(-4). Let t = c + 83. What is the units digit of t?
7
Suppose 4*i + 104 = -5*w, 3*w + w = i + 5. Let n = -4 - i. What is the tens digit of n?
1
Let f(l) = l + 25. Let x = -6 + 0. What is the tens digit of f(x)?
1
Suppose 7*f - 5313 - 13272 = 0. What is the tens digit of f?
5
Let n(o) = 12*o**2 + 28*o + 35. Let i be n(-18). Suppose 1829 = 16*d - i. What is the hundreds digit of d?
3
Suppose 31 = 3*h - 5*m, -m + 3 + 0 = 4*h. Let a = -1 - -1. Suppose -h*n - 2 + a = 0, -5*w + 76 = 4*n. What is the tens digit of w?
1
Suppose -2*r + 146 = 2*h, -3*r = 6*h - h - 209. Suppose -8*a - r = -11*a. What is the units digit of a?
6
Let y = 10 +